the greatest common factor of 75 and 705?
15
What is the highest common divisor of 8 and 1016?
8
What is the highest common divisor of 32 and 928?
32
Calculate the greatest common divisor of 14 and 112.
14
What is the highest common factor of 18 and 500?
2
Calculate the greatest common factor of 170 and 80.
10
What is the highest common factor of 1519 and 2821?
217
Calculate the highest common factor of 155 and 248.
31
What is the highest common factor of 24 and 150?
6
Calculate the highest common factor of 14 and 371.
7
Calculate the highest common divisor of 5464 and 1.
1
What is the greatest common divisor of 221 and 13?
13
What is the greatest common factor of 1088 and 391?
17
Calculate the highest common divisor of 44 and 836.
44
Calculate the highest common factor of 516 and 60.
12
Calculate the highest common factor of 38 and 1862.
38
Calculate the greatest common factor of 642 and 288.
6
What is the greatest common divisor of 15 and 1635?
15
Calculate the highest common divisor of 6495 and 15.
15
What is the highest common factor of 51 and 68?
17
What is the highest common factor of 3444 and 56?
28
What is the highest common divisor of 300 and 120?
60
Calculate the greatest common divisor of 152 and 6232.
152
Calculate the greatest common divisor of 7682 and 92.
46
What is the highest common factor of 221 and 3939?
13
What is the greatest common divisor of 3 and 5?
1
Calculate the highest common divisor of 19 and 13129.
19
Calculate the greatest common divisor of 17 and 2227.
17
Calculate the highest common divisor of 35 and 395.
5
Calculate the highest common factor of 22 and 374.
22
What is the greatest common divisor of 210 and 246?
6
Calculate the highest common divisor of 72 and 324.
36
What is the greatest common divisor of 2006 and 236?
118
Calculate the highest common divisor of 23 and 368.
23
Calculate the greatest common divisor of 13 and 143.
13
What is the greatest common factor of 49 and 3871?
49
What is the highest common factor of 17219 and 134?
67
What is the highest common divisor of 122 and 183?
61
Calculate the greatest common divisor of 31 and 4619.
31
What is the greatest common divisor of 96 and 1272?
24
Calculate the greatest common divisor of 678 and 78.
6
What is the greatest common factor of 26 and 221?
13
Calculate the highest common factor of 30 and 12765.
15
Calculate the greatest common factor of 6 and 1194.
6
Calculate the greatest common divisor of 63 and 21.
21
What is the greatest common divisor of 513 and 9?
9
Calculate the greatest common divisor of 162 and 4941.
81
Calculate the greatest common factor of 402 and 41205.
201
What is the greatest common divisor of 1288 and 24?
8
Calculate the highest common divisor of 658 and 14.
14
Calculate the highest common divisor of 4 and 1760.
4
Calculate the greatest common divisor of 81 and 81.
81
Calculate the highest common factor of 8755 and 17.
17
Calculate the greatest common factor of 3816 and 576.
72
What is the greatest common divisor of 27 and 216?
27
What is the highest common divisor of 11965 and 5?
5
What is the greatest common divisor of 300 and 12?
12
What is the greatest common divisor of 68 and 578?
34
What is the greatest common divisor of 26 and 13?
13
Calculate the highest common factor of 105 and 175.
35
What is the highest common factor of 7 and 511?
7
Calculate the greatest common divisor of 78 and 342.
6
Calculate the highest common factor of 2041 and 13.
13
Calculate the greatest common divisor of 1984 and 31.
31
What is the greatest common divisor of 750 and 12?
6
What is the highest common divisor of 630 and 2190?
30
Calculate the highest common divisor of 2 and 7318.
2
What is the greatest common divisor of 1392 and 7482?
174
Calculate the greatest common divisor of 299 and 13.
13
Calculate the highest common factor of 306 and 136.
34
What is the greatest common factor of 517 and 220?
11
What is the highest common factor of 18 and 24?
6
Calculate the greatest common divisor of 629 and 153.
17
What is the highest common divisor of 4209 and 207?
69
Calculate the highest common factor of 19 and 171.
19
What is the greatest common divisor of 1617 and 132?
33
What is the greatest common divisor of 1 and 23?
1
What is the highest common factor of 5 and 80?
5
What is the greatest common factor of 90 and 120?
30
Calculate the greatest common factor of 224 and 928.
32
What is the highest common divisor of 68 and 51816?
68
Calculate the highest common divisor of 1281 and 21.
21
What is the highest common divisor of 1881 and 2475?
99
Calculate the greatest common factor of 22 and 4.
2
What is the greatest common factor of 2124 and 324?
36
Calculate the highest common divisor of 559 and 2451.
43
Calculate the greatest common factor of 441 and 637.
49
What is the highest common divisor of 5 and 23?
1
Calculate the highest common divisor of 9178 and 117.
13
What is the greatest common divisor of 228 and 114?
114
What is the greatest common divisor of 52 and 28?
4
What is the greatest common factor of 363 and 99?
33
Calculate the greatest common divisor of 1572 and 12.
12
Calculate the highest common divisor of 1134 and 882.
126
Calculate the highest common divisor of 12 and 192.
12
What is the greatest common divisor of 364 and 819?
91
What is the highest common factor of 11 and 2893?
11
What is the highest common divisor of 38 and 2318?
38
What is the highest common divisor of 3 and 141?
3
What is the highest common factor of 66 and 330?
66
Calculate the greatest common factor of 512 and 608.
32
Calculate the greatest common factor of 405 and 225.
45
Calculate the greatest common divisor of 7 and 3451.
7
Calculate the highest common factor of 198 and 4026.
66
What is the highest common factor of 28 and 126?
14
Calculate the highest common divisor of 38874 and 341.
341
What is the greatest common factor of 2848 and 89?
89
Calculate the greatest common divisor of 3689 and 35.
7
What is the greatest common divisor of 18 and 9?
9
What is the highest common divisor of 3666 and 13?
13
Calculate the highest common factor of 150 and 4775.
25
Calculate the greatest common divisor of 583 and 53.
53
What is the greatest common divisor of 24 and 192?
24
Calculate the highest common factor of 7 and 1337.
7
Calculate the greatest common divisor of 5600 and 448.
224
Calculate the highest common factor of 7298 and 534.
178
What is the highest common divisor of 841 and 261?
29
What is the highest common divisor of 2700 and 250?
50
What is the greatest common divisor of 174 and 282?
6
Calculate the highest common divisor of 12 and 5583.
3
Calculate the highest common factor of 60 and 16.
4
Calculate the greatest common divisor of 1 and 67.
1
What is the highest common divisor of 88 and 1408?
88
What is the greatest common divisor of 3 and 417?
3
Calculate the highest common divisor of 333 and 18.
9
Calculate the highest common factor of 8 and 57.
1
Calculate the greatest common factor of 70190 and 10.
10
Calculate the greatest common divisor of 1064 and 14.
14
Calculate the greatest common divisor of 340 and 2108.
68
What is the greatest common factor of 8 and 9432?
8
Calculate the greatest common divisor of 64 and 1520.
16
What is the greatest common factor of 561 and 17?
17
Calculate the highest common factor of 13 and 611.
13
Calculate the highest common divisor of 3186 and 54.
54
Calculate the highest common factor of 110 and 198.
22
Calculate the greatest common factor of 66 and 891.
33
What is the greatest common divisor of 21 and 7?
7
Calculate the greatest common factor of 6 and 42.
6
Calculate the highest common divisor of 3224 and 19747.
403
What is the highest common factor of 78 and 208?
26
Calculate the highest common factor of 76 and 608.
76
Calculate the greatest common factor of 1374 and 96.
6
What is the greatest common divisor of 308 and 2992?
44
What is the highest common divisor of 60 and 252?
12
What is the highest common factor of 5902 and 52?
26
What is the highest common divisor of 45 and 30600?
45
What is the highest common divisor of 194 and 8342?
194
Calculate the greatest common divisor of 132 and 36.
12
What is the highest common divisor of 32 and 72?
8
What is the highest common divisor of 24612 and 14?
14
Calculate the highest c